is the highest common divisor of v and 16?
16
Let k be (-2548)/117 - (-1)/(-9)*2. Let x be -4*(0 - -2 - 1). Let h = x - k. What is the greatest common factor of 9 and h?
9
Let s be 2 - (-26 + (3 - 1)). Let b be (-12)/48 + (-3)/4. Let z(o) = -25*o**3 + 3*o**2 + 2*o. Let p be z(b). Calculate the highest common factor of s and p.
26
Let b be (-209)/(-171) + 2/(-9). Let r be 15/(b/((-32)/(-12))). Calculate the greatest common factor of 120 and r.
40
Let z be ((-174)/4)/(-5 - 43/(-8)). Let t = -84 - z. What is the highest common divisor of t and 224?
32
Suppose 69 + 27 = 2*n. Suppose 7*h - 9*h - 6 = 0. Let x(f) = -13*f - 7. Let d be x(h). What is the greatest common divisor of d and n?
16
Let p = -101 - -121. Suppose -4*j - 4*v + 76 = 0, 0*j = 4*j + 2*v - 78. What is the highest common divisor of j and p?
20
Suppose 4*p - 772 = -3*r + 8*p, -4*p = 4*r - 992. Calculate the greatest common factor of r and 36.
36
Let c = 3 + -2. Let b be c/(-2)*-2*17. Let i be (34/(-4))/((7 - 6)/(-2)). Calculate the highest common divisor of i and b.
17
Suppose -20 = 6*r - 134. What is the highest common divisor of r and 1?
1
Suppose 4*l - 5*j - 135 = 0, 5*j - 59 = -2*l - 14. What is the greatest common divisor of l and 110?
10
Suppose 0*k - 30 = -3*k. Suppose -15*i + 110 = -k*i. Suppose -4*z + 3*z + 55 = 0. What is the highest common divisor of i and z?
11
Let i = 0 + 0. Let z = 4 + i. Suppose 3*s + 134 = h + 3*h, 4*s + 8 = 0. Calculate the highest common divisor of z and h.
4
Let g(u) = 185*u**3 + 5*u**2 - 4*u - 1. Let p be g(2). Calculate the highest common divisor of 21 and p.
21
Suppose -6717 - 2565 = -39*t. Calculate the highest common factor of t and 170.
34
Suppose -2*z = 4*h - 136, -61*z + 63*z - 139 = -h. Let r be (-1)/2 - (-42)/4. Calculate the highest common divisor of z and r.
10
Let r be 6 + ((-2)/(-1))/2. Let f(h) = -5*h + 185. Let k be f(35). Let z = k + r. What is the greatest common factor of 51 and z?
17
Let j(t) = -t**2 + 5*t + 7. Let u be j(4). Let w be (-141)/(u/33 - 11/6). Calculate the greatest common divisor of 141 and w.
47
Let n = 312 + -150. Suppose -6*u = -8*u + n. Calculate the greatest common factor of u and 54.
27
Let l be (-24)/(-10) - 10/25. Let m = -781 - -789. Calculate the greatest common divisor of m and l.
2
Suppose 3040 = 2*j + 3*j - 2*s, -4*j + 5*s = -2432. Calculate the greatest common factor of j and 19.
19
Suppose 4*a - 4*v - 15 + 87 = 0, 0 = 5*a - 4*v + 87. Let n be (-47)/a - 2/15. Suppose n*h - 335 = 28. What is the greatest common factor of 11 and h?
11
Let n = 65 + -45. Let f(t) = -t**3 - 39*t**2 - 41*t + 66. Let j be f(-38). Calculate the greatest common factor of n and j.
20
Suppose -3*k - f + 256 = 0, 4*f + 340 = 4*k + 5*f. What is the greatest common factor of k and 231?
21
Let x(m) = m**2 + 7*m + 10. Let j be x(6). What is the highest common divisor of j and 77?
11
Let z be 13 - (50/18 - 2/(-9)). Suppose -106*y - z = -107*y. Calculate the highest common divisor of y and 90.
10
Let k be 1 + 0 + -33 + 87. Calculate the highest common factor of 99 and k.
11
Suppose l = 100 + 418. Suppose -188 + l = 5*d. Calculate the highest common factor of d and 12.
6
Let v(h) = -h**3 - 4*h**2 - 4*h - 2. Let w = 2 - 0. Suppose -3*f + 3*l = 10 - 1, -w*l - 14 = 3*f. Let n be v(f). What is the greatest common factor of n and 35?
7
Suppose -196 = -9*v + 5*v. Let a = v + -18. What is the highest common factor of 248 and a?
31
Let w(k) = -2*k**3 + k**2 + 3*k + 23. Let o be w(-6). Calculate the highest common factor of 44 and o.
11
Suppose 3*h + 135 = 6*h. Let l be (-3)/12 + (-21)/(-4). What is the greatest common factor of h and l?
5
Let f(z) = -z**3 + 15*z**2 - 6*z + 23. Let u be f(5). Let g be -1 - (-29 + 0 + 1). Calculate the highest common divisor of u and g.
27
Let a be (2/(-2))/((-2)/12). Let p(u) = 6*u + 17. Let x(k) = k + 1. Let t(c) = -p(c) + x(c). Let b be t(-8). Calculate the greatest common factor of b and a.
6
Let c(a) = 15*a**3 - 2*a**2 + a. Let z be c(2). Suppose 0 = -5*m - 10, -f + z = 4*f + 3*m. What is the greatest common divisor of 120 and f?
24
Suppose 7*h = 9*h + b - 20, -3*b + 6 = 0. Calculate the highest common factor of 279 and h.
9
Suppose 33*k = 39*k - 156. Let r = k + 2. What is the greatest common factor of r and 7?
7
Suppose 0 = 2*d - a - 90, -3*d - 2*a + 126 = a. Suppose 80 + 55 = -5*k + 5*w, k + 5*w + 21 = 0. Let f = k + d. Calculate the greatest common factor of 12 and f.
6
Let q = 1410 - 940. Suppose q = 5*x + 20. Calculate the highest common divisor of x and 9.
9
Suppose 5*a - 4*o = 54, 4*a + o - 51 = 9. Let d = 14 - a. Suppose d*x - 3*x + 21 = 0. What is the greatest common factor of 63 and x?
7
Suppose 0 = -j - g + 2*g + 10, 4*g = -20. Let f be (34/j)/((-2)/(-10)). Let n = -19 + f. Calculate the greatest common divisor of 165 and n.
15
Suppose -10 = -27*o + 22*o. What is the highest common factor of 1 and o?
1
Suppose 4*n - 3*n - 26 = 0. Suppose 0 = -5*y + 4*l + 203, 39*y + l - 76 = 37*y. Calculate the highest common factor of n and y.
13
Let s(u) = 3*u + 1. Let o be s(-1). Let v be 3 + (20 - o)/2. Let g be -28*(1 - (-14)/(-8)). Calculate the highest common factor of v and g.
7
Suppose -m = -10*m + 405. Calculate the greatest common factor of m and 99.
9
Let u be ((-9)/4)/3 + (-17100)/(-144). Calculate the greatest common divisor of u and 295.
59
Let v be (-3 + 21/9)*-6. Suppose 0 = c + v*c - 70. Suppose 6*m = 4*m, -2*l = 4*m - 196. Calculate the highest common factor of c and l.
14
Suppose p - 54 = -42. What is the highest common divisor of 1212 and p?
12
Suppose 2227 = 7*y + 15. Suppose -6*l + 2*l - 2*q = -y, -401 = -5*l - 4*q. Calculate the highest common factor of l and 11.
11
Let r(v) = v + 51. Let j be r(33). What is the greatest common divisor of j and 12?
12
Let d = 1399 + -1287. What is the greatest common divisor of 6 and d?
2
Let i(g) = -134*g - 54. Let u be i(-5). Calculate the greatest common factor of u and 56.
56
Let d = -21 + 30. Let b = -51 + 87. Calculate the highest common factor of b and d.
9
Suppose -2*f + 18 - 4 = 0. Let n(a) = -a**3 + 8*a**2 + a - 7. Let i be n(f). What is the greatest common divisor of 7 and i?
7
Let g = -308 + 338. Suppose t + 15 = 6*t. Let w be 8/(t/(-5) - -1). Calculate the greatest common factor of g and w.
10
Let t(s) = -s**3 - 4*s**2 + 6*s - 8. Let k be t(-6). Let n(w) = -35*w - 700. Let h be n(-22). Calculate the greatest common factor of k and h.
14
Let v(x) = 5*x**2 - 2*x + 4. Let t be v(-12). Calculate the highest common divisor of 136 and t.
68
Let o be ((-1)/(-2))/((-3)/(-36)). Suppose p + 3 = -3*y, y + 2*y - 2*p = -12. Let c be (-2 - -11)*(3 + y). What is the highest common factor of o and c?
3
Suppose 25*c - 672 = c. Calculate the highest common factor of c and 28.
28
Suppose -1844*z = -1853*z + 4320. What is the greatest common factor of z and 420?
60
Suppose -4*l - 20 = -4*b, -9 = -2*b + 2*l - l. Let u(f) = 2*f**2 + 4*f + 6*f - 3*f + b*f. Let j be u(-8). What is the highest common divisor of 8 and j?
8
Suppose -u - 29 = -2*u. Suppose 0 = 4*b - 4*t - 120, -3*b + 57 = -b + t. What is the greatest common factor of b and u?
29
Suppose 3*r - 25 - 8 = 0. Suppose 0 = 15*g - 14*g - 22. Calculate the greatest common divisor of r and g.
11
Let t be (54 - 13) + -5 + 0. What is the highest common divisor of 1764 and t?
36
Let q = 1 - 1. Let r be 2/2*(q - -44). Let i be -1 - (54/21)/(9/(-42)). What is the greatest common factor of r and i?
11
Let i be -3 + -12*((-2)/4 + 0). Suppose -i*o = -9 - 9. What is the greatest common divisor of o and 78?
6
Suppose 7*a = 10*a - 63. Let h = a - 18. Calculate the highest common divisor of h and 27.
3
Let g be -29*(13/65 - (-48)/10). Let x = g - -147. Calculate the highest common factor of x and 1.
1
Suppose 0*f = -f + 5*i + 107, 0 = -2*f - 2*i + 226. What is the greatest common factor of f and 84?
28
Suppose -5*k - 3*g = g - 276, 0 = -4*g - 4. Let j(a) = 2*a - 3. Let i be j(5). Calculate the greatest common divisor of k and i.
7
Let o(c) = -c**3 - c**2 + 2*c + 2. Let d be o(-1). Suppose d = -p - 2*g + 8, 0 = 5*p + g - 5*g - 96. Calculate the highest common factor of p and 128.
16
Let w be (-26)/8 + 3 + 2/(32/68). Suppose f - 4 = 2*f. Let u be 1/4 - 143/f. Calculate the highest common divisor of w and u.
4
Suppose 5*l - 